62. What is the tens digit of n?
0
Let w be 2 - (42 - (-3)/3). Suppose i + 0*i = 20. Let x = i - w. What is the tens digit of x?
6
What is the thousands digit of (3154736/1885)/((-2)/(-5))?
4
Suppose 0 = -2*z + 3*k + 17950, 4*z - 35812 = 43*k - 48*k. What is the tens digit of z?
6
Let r(k) = k**3 + 6*k**2 + k - 10. Let z be r(-5). Let l be 1039/5 + (-8)/z. Suppose 2*m + 4*v - 5*v - l = 0, 4*v + 86 = m. What is the tens digit of m?
0
Suppose 3*b - 10645 = -4*d, 7*d - 5345 = 5*d + 3*b. Suppose -d = -5*p + 3*l, 2*p - 1152 + 117 = -5*l. What is the units digit of p?
0
Let h be 4/((-16)/6)*68/(-51). Let j(y) = 273*y - 1. Let o be j(1). What is the tens digit of h/6 + o/12?
2
Suppose 0 = 7*s + 8 - 22. Suppose -s*w - 5*x + 15 = 0, 4*w - 4*x + 10 = -2. Suppose w = -g, 4*g = -4*c + 399 + 233. What is the hundreds digit of c?
1
Suppose 0 = 5*d - 5*w, 5*d = 3*d + w. Suppose 18*h - 10*h - 6824 = d. What is the hundreds digit of h?
8
Suppose 0 = -141*f + 112*f + 628836. What is the hundreds digit of f?
6
Let m = 1008 + 634. Let i = -481 + m. What is the tens digit of i?
6
Let h(d) = 3*d. Suppose -g - 4 = 0, g + 2*g + 11 = -y. Let n be h(y). Suppose n*t + 3*w = 231, t - 6 = -2*w + 71. What is the units digit of t?
7
Let y = 34 + -37. Let s(f) = 2*f**2 + 8*f + 8. Let c be s(y). What is the hundreds digit of (-66)/12 - -6 - (-351)/c?
1
Let u(x) = x**3 + 31*x**2 - 271*x - 98. What is the hundreds digit of u(-31)?
3
Let x(t) = t**3 - 14*t**2 - 17*t + 36. Let l(y) = y**3 + 14*y**2 + 12*y + 3. Let i be l(-13). What is the units digit of x(i)?
6
Let c(m) be the second derivative of 151*m**4/12 + 7*m**3/6 + 29*m**2/2 - 211*m. What is the hundreds digit of c(-3)?
3
Suppose 406*t - 28242873 = 19*t. What is the units digit of t?
9
Suppose 0*g + 4*g - r = 17, 5*g - 22 = 2*r. Let m be g/((-3)/(2 - 5)). What is the units digit of (m - -1) + (-2068)/(-11)?
3
Let k be (5 + -2)*((-4)/6 + 2). Let m be 198/36 - 2/k. Suppose 0 = -5*o + m, -2*c + 5*c - o - 35 = 0. What is the units digit of c?
2
Let g = 110 + -110. Let y(p) = 9*p - 2*p + 162 - 5*p. What is the units digit of y(g)?
2
Suppose -9*r + 2 = -8*r. Suppose r*h = -2*h - 5*s + 13, -4*h - 4*s = -12. What is the units digit of 2 - (-124 + h/(-5)*-5)?
4
Let i(h) = -h**3 + 6*h**2 - h + 9. Let s be i(6). Let f be ((-5)/(-15))/(s/(54/(-3))). Let l(r) = -15*r**3 - 2*r**2 + 6*r + 10. What is the units digit of l(f)?
0
Let h be (128/6)/(4/5058*3). Suppose -2*n - h = -41002. What is the units digit of n/75 - (-3)/5?
4
Let d = -60 + -298. Let j = d + 1069. What is the units digit of j?
1
Suppose -5*z = 5*q - 19020, -203*z - 3*q = -198*z - 19012. What is the units digit of z?
0
Let y = 434 - 280. Let s = 59 + -10. Suppose y = d - s. What is the hundreds digit of d?
2
What is the ten thousands digit of ((-27229176)/(-1170))/(6/10)?
3
Let o(r) = r**3 + 107*r**2 + 643*r + 155. What is the thousands digit of o(-93)?
1
Suppose -r + 4 = o - 0, -2*r = -o + 7. Suppose o*q = -0*q - 5*v + 1285, 4*v + 1052 = 4*q. What is the tens digit of q?
6
Suppose -3*w - 2*w = -5*i - 375, -w = -5*i - 87. Let u = 154 - w. Suppose -4*p + u + 70 = 0. What is the units digit of p?
8
Let t(n) = 2*n - 74. Let b(r) = 2*r - 75. Let c(y) = -4*b(y) + 3*t(y). What is the hundreds digit of c(-14)?
1
Let j be (-133)/(-3)*(-3 - (4 + 2)). Let h = j + 645. What is the units digit of h?
6
Let q = -161 - -163. Suppose -412 = -2*n - 5*m, 3*n - n = q*m + 426. What is the tens digit of n?
1
Suppose 3*w - 5*i = 2036, -3*i + 2*i = -2. Suppose 0 = -t + w + 4859. Suppose 1365 - t = -16*v. What is the tens digit of v?
6
Let z be (-15 - (-12)/(16/(-4)))/1. Let b = z + 5. Let h = 26 - b. What is the tens digit of h?
3
Let t be (-4)/(-2) + 6/6. Suppose -t*b = -10 + 1. What is the tens digit of ((-10)/b)/(5/(-15))?
1
Suppose -26 = -5*l + 2*n, -5*l - 4*n + 17 = -21. Suppose g - 5*g + 27 = -5*v, 0 = -3*v - 5*g + l. What is the units digit of 9 - v/(-3) - 2?
6
What is the thousands digit of ((-3284206)/(-335))/(30/25 + (-12)/15)?
4
Let k = -67 + 71. Suppose -367 - 209 = -k*a. Suppose l - a = -7*l. What is the units digit of l?
8
Suppose -9*z = -9 - 9. Let l = 1 + z. Suppose -4*b + 113 = -l*b. What is the units digit of b?
3
Let j(i) = 121*i**2 + 3*i - 38. Let c be j(5). Suppose 8*d - 5*d - c = -2*y, -3*y = 5*d - 5005. What is the tens digit of d?
0
Suppose -4*q + 9*q - 5*s = -440, -s = -2*q - 175. Let d = q - -176. What is the tens digit of d?
8
Let y(l) = -2*l**3 - 6*l**2 - 6. Let m be y(-3). What is the tens digit of 1287/2 + m*(-7)/(-84)?
4
Suppose -2*k - 2*t + 41813 = -4429, k - 3*t - 23153 = 0. What is the hundreds digit of k?
1
Suppose -42 = 4*g + 2*p, 2*g + 5 = -5*p - 20. What is the units digit of (8/g)/((-6)/2955)?
4
Let r = 22 - 15. Let y be 1/(14/24) + 2/r. Suppose 213 = y*l - 185. What is the units digit of l?
9
Suppose -a = 3*d + 7, 2 = -2*d + d. Let p be ((-4 - -11) + a)/((-6)/(-4)). Suppose -3*b + 188 = p*n - 421, -n + 151 = 2*b. What is the units digit of n?
3
Suppose -c = -5*p + 9983, -4*p - 72*c + 7992 = -70*c. What is the thousands digit of p?
1
Suppose 2*h - 151501 = -62*h + 89075. What is the thousands digit of h?
3
Suppose 14*t - 3*t - 55 = 0. Suppose -t*o - 6*h = -h - 2060, 3*o = -5*h + 1246. What is the hundreds digit of o?
4
Let u be 36/27*3/(-2). Let j = -47 + u. What is the units digit of -10 + 14 - 1*j?
3
What is the hundreds digit of ((-63)/(-49))/((-15)/(-245770))?
0
Suppose 36 = -11*h + 5*h. Let g be 101*(-3)/h*-6. What is the tens digit of (g/18 + (-3)/6)*-6?
0
Suppose 5*j - 5*y = 2550, -3*j = -y - 4*y - 1522. Suppose 7*s - 1095 = -j. What is the tens digit of s?
8
Suppose -m = 66*x - 70*x + 57725, 3*m = x - 14445. What is the hundreds digit of x?
4
Suppose a - 6*a + 5405 = 4*s, -2*s + 3*a + 2697 = 0. Suppose -4*b - b = -s. Suppose 0 = 3*i - 2*t - 415, t = 2*i + 3*t - b. What is the hundreds digit of i?
1
Let a(g) = -g**2 - 10*g - 44. Let i be a(-14). Let y = -100 - i. Suppose 0*c - 3*f - 198 = -2*c, 2*c - 2*f - 202 = y. What is the tens digit of c?
0
Suppose 0 = 36*f - 42045 - 7671. What is the tens digit of f?
8
Let r = 8220 - 1566. What is the thousands digit of r?
6
Suppose -3*v = -3*m - 98934, 19*v - 6*v = 5*m + 428666. What is the units digit of v?
2
Suppose -108 = -21*o + 12*o. Suppose 1560 = -6*t + o*t. What is the tens digit of t?
6
Let b be (2 - 0)*(-525)/(-6). Suppose 0 = 2*p - 4, -4*c - 41 = -4*p - 317. Suppose 3*i + b = 5*z, -2*z - 5*i = -6*i - c. What is the units digit of z?
8
Suppose -20*i = -12*i - 192. Let r(k) = -k**2 + 39*k + 16. What is the hundreds digit of r(i)?
3
Let u = 20166 + -6269. Suppose 7*h = -6*h + u. What is the tens digit of h?
6
Let v be ((-495)/20)/((-3)/16). Suppose 0 = -14*o - 48 + v. Suppose -o*y - 196 = -10*y. What is the units digit of y?
9
Let c(f) = -21*f**2 - 40*f - 3. Let l be c(-3). Let t = 810 - l. What is the hundreds digit of t?
8
Let v = 63 - 175. What is the tens digit of 504/v*(-10)/3?
1
Let t = -4740 + 734. Let i = -2510 - t. What is the units digit of i?
6
Suppose -b - 3 + 6 = 0. Suppose -2*z + 2*n = b*z - 18, 0 = -z + 5*n + 22. What is the units digit of -3*z/(-3) - -92?
4
Let f(k) = 1220*k**2 - k - 2. Let a = 498 + -499. What is the thousands digit of f(a)?
1
Let t(w) = -19*w**2 - 55*w - 10. Let u be t(-9). Let r = u - -1779. What is the units digit of r?
5
Let m be -33 + 4*(-4)/8. Let p be (m/14)/(0 + 5/(-4)). Suppose -4*g = -d - 16 - 307, -3*g - p*d = -234. What is the tens digit of g?
8
Suppose 36*h - 116789 = 41395. What is the tens digit of h?
9
Let f be (3 - (-1 - 3))/(1/5). Suppose 3*c - 47 = -f. Suppose -c*o = -2*o - 64. What is the units digit of o?
2
Let c be 2*25/(-10) - -3. Let w(f) = -224*f + 104. What is the hundreds digit of w(c)?
5
Let j(c) = -12*c**3 + 6*c**2 + 16*c - 12. What is the hundreds digit of j(-5)?
5
Suppose 63351 = -11*v + 20*v. What is the tens digit of v?
3
Let j(s) = 2*s**2 + 4*s - 26. Suppose 0 = 3*o + 5*y + 25, -10 = -5*y - 5. Let k be j(o). Let p = k + -46. What is the units digit of p?
8
Let m(z) = -8 - 96*z**2 + 4 + 110*z**2 + 6*z. What is the hundreds digit of m(5)?
3
Let n(g) = -g**3 + 9*g**2 + 12*g - 2. Let r be n(10). Let k be r/10 + 1 - 4/(-20). Suppose 3*a - 5*a - k*y + 4 = 0, -a = y - 2. What is the units digit of a?
2
Let j = 2684 - -129. Suppose t + 4*m